{"id":7432,"date":"2017-04-26T11:32:15","date_gmt":"2017-04-26T08:32:15","guid":{"rendered":"http:\/\/kokkolaopera.com\/?page_id=7432"},"modified":"2017-04-26T11:32:15","modified_gmt":"2017-04-26T08:32:15","slug":"minna-leena-lahti-cv-sv","status":"publish","type":"page","link":"https:\/\/kokkolaopera.com\/sv\/minna-leena-lahti-cv-sv\/","title":{"rendered":"Minna-Leena Lahti cv"},"content":{"rendered":"<div class=\"wpb-content-wrapper\"><p>[vc_row][vc_column][vc_column_text]<\/p>\n<p style=\"text-align: center;\"><strong>Minna-Leena Lahti<br \/>\n<\/strong><\/p>\n<p>[\/vc_column_text][vc_single_image image=&#8221;7376&#8243; img_size=&#8221;full&#8221; alignment=&#8221;center&#8221;][vc_column_text]Minna-Leena Lahti \u00e4r en jugendlich-dramatisk sopran fr\u00e5n Karleby. Hun har utexaminerats fr\u00e5n yrkesh\u00f6gskolan i Ule\u00e5borg 2012 som kyrkomusiker, med klassisk s\u00e5ng som huvud\u00e4mne. Hon fortsatte sina studier f\u00f6rst i yrkesh\u00f6gskolan Metropolia och sedan i Centria som en migrantstuderande. D\u00e4r ska hon utexamineras som s\u00e5ngpedagog h\u00f6sten 2017.<\/p>\n<p>Lahti har sjungit i k\u00f6r och i flera operor och stora kyrkomusikverk och g\u00f6r sin solodebut i opera i v\u00e5r som Pamina i Novias och Centrias produktion av Mozarts Trollfl\u00f6jten. Hennes l\u00e4rare i s\u00e5ng har varit tenor Raimo Niemikorpi och sopran Anitta Ranta. P\u00e5 ett s\u00e4tt eller annat skall hon bli en operas\u00e5ngare. Hon har en man, tv\u00e5 barn och ett gr\u00f6nt egnahemshus.[\/vc_column_text][\/vc_column][\/vc_row]<\/p>\n<\/div>","protected":false},"excerpt":{"rendered":"<p>[vc_row][vc_column][vc_column_text] Minna-Leena Lahti [\/vc_column_text][vc_single_image image=&#8221;7376&#8243; img_size=&#8221;full&#8221; alignment=&#8221;center&#8221;][vc_column_text]Minna-Leena Lahti \u00e4r en jugendlich-dramatisk sopran fr\u00e5n Karleby. Hun har utexaminerats fr\u00e5n yrkesh\u00f6gskolan i Ule\u00e5borg 2012 som kyrkomusiker, med klassisk s\u00e5ng som huvud\u00e4mne. Hon fortsatte sina studier f\u00f6rst i yrkesh\u00f6gskolan Metropolia och sedan i Centria som en migrantstuderande. D\u00e4r ska hon utexamineras som s\u00e5ngpedagog h\u00f6sten 2017. Lahti har sjungit &#8230; <a title=\"Minna-Leena Lahti cv\" class=\"read-more\" href=\"https:\/\/kokkolaopera.com\/sv\/minna-leena-lahti-cv-sv\/\" aria-label=\"L\u00e4s mer om Minna-Leena Lahti cv\">L\u00e4s mer<\/a><\/p>\n","protected":false},"author":1,"featured_media":0,"parent":0,"menu_order":0,"comment_status":"closed","ping_status":"closed","template":"","meta":{"ngg_post_thumbnail":0,"footnotes":""},"class_list":["post-7432","page","type-page","status-publish"],"_links":{"self":[{"href":"https:\/\/kokkolaopera.com\/sv\/wp-json\/wp\/v2\/pages\/7432","targetHints":{"allow":["GET"]}}],"collection":[{"href":"https:\/\/kokkolaopera.com\/sv\/wp-json\/wp\/v2\/pages"}],"about":[{"href":"https:\/\/kokkolaopera.com\/sv\/wp-json\/wp\/v2\/types\/page"}],"author":[{"embeddable":true,"href":"https:\/\/kokkolaopera.com\/sv\/wp-json\/wp\/v2\/users\/1"}],"replies":[{"embeddable":true,"href":"https:\/\/kokkolaopera.com\/sv\/wp-json\/wp\/v2\/comments?post=7432"}],"version-history":[{"count":0,"href":"https:\/\/kokkolaopera.com\/sv\/wp-json\/wp\/v2\/pages\/7432\/revisions"}],"wp:attachment":[{"href":"https:\/\/kokkolaopera.com\/sv\/wp-json\/wp\/v2\/media?parent=7432"}],"curies":[{"name":"wp","href":"https:\/\/api.w.org\/{rel}","templated":true}]}}

<div class="wpb-content-wrapper"><p>[vc_row][vc_column][vc_column_text]</p>
<p style="text-align: center;"><strong>Minna-Leena Lahti<br />
</strong></p>
<p>[/vc_column_text][vc_single_image image=&#8221;7376&#8243; img_size=&#8221;full&#8221; alignment=&#8221;center&#8221;][vc_column_text]Minna-Leena Lahti är en jugendlich-dramatisk sopran från Karleby. Hun har utexaminerats från yrkeshögskolan i Uleåborg 2012 som kyrkomusiker, med klassisk sång som huvudämne. Hon fortsatte sina studier först i yrkeshögskolan Metropolia och sedan i Centria som en migrantstuderande. Där ska hon utexamineras som sångpedagog hösten 2017.</p>
<p>Lahti har sjungit i kör och i flera operor och stora kyrkomusikverk och gör sin solodebut i opera i vår som Pamina i Novias och Centrias produktion av Mozarts Trollflöjten. Hennes lärare i sång har varit tenor Raimo Niemikorpi och sopran Anitta Ranta. På ett sätt eller annat skall hon bli en operasångare. Hon har en man, två barn och ett grönt egnahemshus.[/vc_column_text][/vc_column][/vc_row]</p>
</div>

<p>[vc_row][vc_column][vc_column_text] Minna-Leena Lahti [/vc_column_text][vc_single_image image=&#8221;7376&#8243; img_size=&#8221;full&#8221; alignment=&#8221;center&#8221;][vc_column_text]Minna-Leena Lahti är en jugendlich-dramatisk sopran från Karleby. Hun har utexaminerats från yrkeshögskolan i Uleåborg 2012 som kyrkomusiker, med klassisk sång som huvudämne. Hon fortsatte sina studier först i yrkeshögskolan Metropolia och sedan i Centria som en migrantstuderande. Där ska hon utexamineras som sångpedagog hösten 2017. Lahti har sjungit &#8230; <a title="Minna-Leena Lahti cv" class="read-more" href="https://kokkolaopera.com/sv/minna-leena-lahti-cv-sv/" aria-label="Läs mer om Minna-Leena Lahti cv">Läs mer</a></p>
